 836023?
313, 2671
List the prime factors of 204809350.
2, 5, 41, 99907
What are the prime factors of 129498010?
2, 5, 17, 44809
List the prime factors of 84855653.
17, 19, 29, 9059
What are the prime factors of 1382784637?
13, 79, 101, 13331
List the prime factors of 386193466.
2, 193096733
List the prime factors of 71260210.
2, 5, 7, 23, 6323
List the prime factors of 998377565.
5, 73, 2735281
What are the prime factors of 145137692?
2, 7, 29, 47, 3803
List the prime factors of 337114097.
17, 1583, 12527
List the prime factors of 952797514.
2, 463, 1028939
What are the prime factors of 2636650460?
2, 5, 131832523
List the prime factors of 1801589245.
5, 97, 3714617
What are the prime factors of 29708605?
5, 17, 83, 4211
List the prime factors of 59050671.
3, 211, 93287
What are the prime factors of 1010153693?
31, 281, 115963
What are the prime factors of 16707239?
37, 451547
What are the prime factors of 164165108?
2, 103, 398459
What are the prime factors of 26511417?
3, 31, 167, 569
What are the prime factors of 3466070752?
2, 61, 1039, 1709
What are the prime factors of 61567931?
17, 3621643
List the prime factors of 28925312.
2, 13, 17383
What are the prime factors of 4623184631?
13, 107, 3323641
List the prime factors of 2681380666.
2, 73, 103, 178307
What are the prime factors of 8478744632?
2, 109, 9723331
What are the prime factors of 1810250495?
5, 563, 643073
What are the prime factors of 291589137?
3, 7, 4628399
What are the prime factors of 2670520361?
17, 29, 727, 7451
What are the prime factors of 148482157?
31, 4789747
What are the prime factors of 283849362?
2, 3, 1453, 10853
What are the prime factors of 90417408?
2, 3, 117731
What are the prime factors of 178129249?
2531, 70379
List the prime factors of 4774659765.
3, 5, 318310651
What are the prime factors of 39235321?
39235321
What are the prime factors of 23241696?
2, 3, 242101
List the prime factors of 1363905495.
3, 5, 17, 1782883
List the prime factors of 78624548.
2, 71, 276847
List the prime factors of 1081052888.
2, 135131611
What are the prime factors of 1036404780?
2, 3, 5, 19, 37, 24571
List the prime factors of 2863605730.
2, 5, 286360573
List the prime factors of 23999702.
2, 1489, 8059
What are the prime factors of 194275124?
2, 48568781
List the prime factors of 2020182504.
2, 3, 41, 2053031
What are the prime factors of 996758083?
307, 3246769
What are the prime factors of 24159132?
2, 3, 671087
List the prime factors of 352166091.
3, 139, 844523
List the prime factors of 5831771543.
13, 1033, 434267
What are the prime factors of 282272144?
2, 7, 11, 71, 461
What are the prime factors of 387053734?
2, 83, 2331649
List the prime factors of 176886348.
2, 3, 43, 342803
What are the prime factors of 946641096?
2, 3, 13147793
List the prime factors of 233498776.
2, 7, 4169621
List the prime factors of 511071919.
83, 6157493
List the prime factors of 200111400.
2, 3, 5, 107, 1039
List the prime factors of 24073699.
13, 89, 20807
What are the prime factors of 378221213?
378221213
List the prime factors of 7594281.
3, 19, 89, 499
What are the prime factors of 3334023950?
2, 5, 66680479
List the prime factors of 4504876082.
2, 7, 3607, 89209
What are the prime factors of 175361844?
2, 3, 7, 23, 139, 653
What are the prime factors of 1484906027?
11, 134991457
List the prime factors of 178261123.
541, 329503
What are the prime factors of 727667735?
5, 145533547
What are the prime factors of 46396350?
2, 3, 5, 7, 11, 13, 103
What are the prime factors of 341157521?
19, 751, 23909
What are the prime factors of 1584383181?
3, 10663, 49529
List the prime factors of 2908036044.
2, 3, 80778779
What are the prime factors of 3767582818?
2, 1883791409
List the prime factors of 682896442.
2, 19, 1069, 16811
List the prime factors of 392078964.
2, 3, 61, 535627
List the prime factors of 215328449.
7, 31, 421, 2357
List the prime factors of 76120676.
2, 1163, 16363
What are the prime factors of 92245308?
2, 3, 1021, 7529
List the prime factors of 3087143691.
3, 2777, 370561
List the prime factors of 135958966.
2, 11, 13, 475381
What are the prime factors of 411550525?
5, 16462021
What are the prime factors of 1048360618?
2, 524180309
List the prime factors of 158546216.
2, 17, 59, 19759
List the prime factors of 2024508511.
191, 1259, 8419
List the prime factors of 8725068.
2, 3, 11, 2003
List the prime factors of 169287515.
5, 1487, 22769
List the prime factors of 1858186879.
37, 241, 208387
What are the prime factors of 397474047?
3, 4907087
List the prime factors of 236887907.
277, 855191
List the prime factors of 836936698.
2, 13, 31, 1038383
List the prime factors of 2328283472.
2, 145517717
List the prime factors of 11840873.
11, 1076443
What are the prime factors of 706380722?
2, 1481, 238481
List the prime factors of 857713866.
2, 3, 83, 797, 2161
What are the prime factors of 1059121147?
7, 7219, 20959
What are the prime factors of 40196845?
5, 13, 618413
List the prime factors of 64550038.
2, 7, 631, 7307
List the prime factors of 395020192.
2, 7, 181, 9743
List the prime factors of 62202296.
2, 13, 598099
List the prime factors of 487612634.
2, 243806317
What are the prime factors of 1086972015?
3, 5, 71, 1020631
List the prime factors of 323931597.
3, 11, 97, 101197
List the prime factors of 573381227.
3863, 148429
List the prime factors of 216850099.
521, 416219
List the prime factors of 42656914.
2, 97, 219881
List the prime factors of 26015267.
26015267
What are the prime factors of 86882374?
2, 109, 398543
What are the prime factors of 5421178147?
7, 11, 233, 302167
List the prime factors of 950707807.
7, 19, 1973, 3623
What are the prime factors of 2534488115?
5, 506897623
List the prime factors of 90735176.
2, 7, 1620271
List the prime factors of 120627398.
2, 60313699
What are the prime factors of 159021498?
2, 3, 26503583
What are the prime factors of 72168715?
5, 67, 367, 587
What are the prime factors of 1959484?
2, 489871
What are the prime factors of 89371270?
2, 5, 163, 54829
What are the prime factors of 1691352822?
2, 3, 281892137
What are the prime factors of 134124675?
3, 5, 271, 6599
List the prime factors of 23899519.
7, 3414217
List the prime factors of 125465242.
2, 7, 211, 42473
List the prime factors of 70714862.
2, 601, 58831
What are the prime factors of 42293144?
2, 17, 101, 3079
What are the prime factors of 77049765?
3, 5, 13, 43, 1021
What are the prime factors of 42622567?
13, 19, 172561
List the prime factors of 102633134.
2, 51316567
List the prime factors of 641863544.
2, 7, 1637407
What are the prime factors of 2211071302?
2, 11, 29, 3465629
What are the prime factors of 18173475?
3, 5, 37, 59
What are the prime factors of 1389271646?
2, 7, 99233689
What are the prime factors of 117396826?
2, 58698413
What are the prime factors of 24067398?
2, 3, 59, 67987
What are the prime factors of 128869246?
2, 11, 719, 8147
What are the prime factors of 1691341740?
2, 3, 5, 11, 854213
What are the prime factors of 6032897?
13, 464069
What are the prime factors of 154092480?
2, 3, 5, 151, 1063
List the prime factors of 625402388.
2, 13, 67, 73, 2459
What are the prime factors of 101941943?
101941943
List the prime factors of 50832210.
2, 3, 5, 11, 13, 17, 41
List the prime factors of 51335031.
3, 11, 1555607
What are the prime factors of 4583203007?
29, 89, 1775747
List the prime factors of 372904798.
2, 7, 543593
List the prime factors of 56457954.
2, 3, 7, 29, 15451
List the prime factors of 543090009.
3, 7, 11, 227, 10357
What are the prime factors of 209132407?
11, 467, 3701
What are the prime factors of 450491278?
2, 29, 2239, 3469
List the prime factors of 157128353.
157128353
List the prime factors of 4093056121.
7, 11, 53156573
What are the prime factors of 139220633?
17, 23, 113, 137
What are the prime factors of 120895089?
3, 7, 1033, 5573
What are the prime factors of 77856958?
2, 139, 280061
What are the prime factors of 1477430015?
5, 241, 1226083
List the prime factors of 1165970287.
61, 1223, 15629
List the prime factors of 20124563.
23, 41, 21341
What are the prime factors of 490411980?
2, 3, 5, 23, 118457
What are the prime factors of 39765780?
2, 3, 5, 173, 1277
What are the prime factors of 445121353?
17, 26183609
List th